 1)/((-30)/20). Suppose -1 = -m*r - 5, r = 3*c + 40. List the prime factors of c*(-4)/(-8)*-3.
3, 7
Let s(n) = 64*n**3 - 2*n**2 + 1. Let w(r) = -r**2 - 5*r - 3. Let v be w(-4). What are the prime factors of s(v)?
3, 7
Let g be 5/15 - 29/(-3). Suppose -2*t + 4*l + 0*l = 12, 0 = 3*t - 4*l + g. List the prime factors of t/(-10) - (-153)/15.
2, 5
Let o(q) = 5*q**2 + 24*q + 20. List the prime factors of o(-16).
2, 229
Suppose -4*m = 2*m + 168. Let t = m - -152. List the prime factors of t.
2, 31
Suppose 0 = 7*p - 2100 - 3332. Suppose 3*h = -h + p. What are the prime factors of h?
2, 97
Suppose -3*x + 1667 = -t, 0*x + 1113 = 2*x + t. What are the prime factors of x?
2, 139
Let o(l) = -l**2 + 2*l + 58. Let q be o(0). Let f = q + 72. What are the prime factors of f?
2, 5, 13
Let l = 129 + -111. Suppose l*d - 885 = 15*d. List the prime factors of d.
5, 59
Let j be (-219)/(-5) + (-2)/(-10). Let x = j + 2. List the prime factors of x.
2, 23
Let a = 112 + -108. What are the prime factors of (6226/(-77))/(a/(-14))?
283
Let t = 2 + 2. Suppose 0*w - t*j = 5*w + 20, -w = 2*j + 10. Suppose -5*v + 237 - 32 = w. What are the prime factors of v?
41
Suppose 14997 = 5*y + f, -4*f = -53*y + 58*y - 14988. What are the prime factors of y?
2, 3, 5
Suppose -5*r + 0 = 80. Let f = -12 - r. List the prime factors of (-2)/f*(15 - 93).
3, 13
Let w(b) be the third derivative of -b**6/60 - b**5/60 - b**4/12 - b**3/2 - 36*b**2. List the prime factors of w(-5).
2, 29
Suppose -6*a + 18 = 3*a. Suppose -2*p + 3*n + 253 = 0, -4*n = -p - a*p + 378. What are the prime factors of p?
2, 61
Let l(j) = -2928*j - 234. What are the prime factors of l(-2)?
2, 3, 937
Let t = -34 - -25. What are the prime factors of 32 + 3/t*(-1 - 2)?
3, 11
Let j(h) = -h**2 - 11*h - 1. Suppose 54 - 10 = -4*b. Let n be j(b). List the prime factors of 4 - (6*n + 0).
2, 5
Let j(o) be the third derivative of -o**4/24 + 12*o**3 + 3*o**2. List the prime factors of j(-12).
2, 3, 7
Suppose 0 = 19*a - 14*a - 5505. What are the prime factors of a?
3, 367
Let h(w) = w**3 + 2*w**2 - 6*w - 8. Let s(y) = -y**3 - 3*y**2 + 11*y + 1. Let u be s(-5). Let m be h(u). Let c = -2 - m. What are the prime factors of c?
2, 7
List the prime factors of 15*-20*1/(-4).
3, 5
Let w = 106 + 411. What are the prime factors of w?
11, 47
Let w = 65 - 26. List the prime factors of (-1)/(-7) + (-142)/(-42)*w.
2, 3, 11
Let y = 44 - 36. List the prime factors of (100/16)/((-22)/y + 3).
5
Let t(i) = -3*i - 20. Let r(j) = 0*j**2 - j + 3*j**2 + 9 + 0*j**3 - 5 + j**3. Let p be r(-4). What are the prime factors of t(p)?
2
Let k be 1*(3 + 2) + -2. List the prime factors of (-688)/(-12) + (-1)/k.
3, 19
Suppose 762 = -9*j + 11*j. Suppose -383 = -4*r + 10*m - 7*m, -4*r + m = -j. List the prime factors of r.
5, 19
Let j(t) = -6*t**2 - t + 4. Let k be j(-2). Let m be -3 - (-6 + 3) - k. List the prime factors of 788/m + 2/9.
2, 11
Let d = -11 + 11. Let y = d + 0. Suppose y = -3*f + 5*f - 4. List the prime factors of f.
2
Let c(v) = -v**2 + 10*v + 29. Let b be c(12). Suppose -b*j - j + 582 = 0. List the prime factors of j.
97
What are the prime factors of ((-69)/6 + 3)/(2/(-740))?
5, 17, 37
Suppose 33*d = d + 32992. List the prime factors of d.
1031
Let o = 31 + 95. Let n = 183 - o. List the prime factors of n.
3, 19
Suppose -2*t = -t - 4*h + 107, -3*h = -4*t - 480. Let i = -44 - t. What are the prime factors of i?
79
Let f = 18 + -7. List the prime factors of 2/f + 1010/11 + -2.
2, 3, 5
List the prime factors of 3 + -3 + (8 - -994).
2, 3, 167
Let m(t) = 3*t**2 + 8*t + 1. Suppose 3*k - 9 = -z + 3, -2*k - 4*z = 2. What are the prime factors of m(k)?
2, 29
Let l = 52 + -59. Let h(p) = 3*p**2 + 6*p + 15. List the prime factors of h(l).
2, 3, 5
Suppose -6 = -16*o + 13*o. List the prime factors of (-15 + o)*-5*1 + -1.
2
Let c(y) = 914*y**3 - 3*y**2 + 2*y. What are the prime factors of c(1)?
11, 83
Suppose 4*s - 8*f - 5393 = -5*f, 3*s - 4071 = -3*f. What are the prime factors of s?
2, 13
Let a(n) = -n**2 - 4*n**2 - 3 + 4*n + 2*n**2. Let h be a(2). Let v(t) = -t**3 - 6*t**2 + 2*t - 5. What are the prime factors of v(h)?
2, 3, 5
Let z(p) = p**2 + 12*p + 2. Let r be z(-12). Suppose r*s - 2*o = 4*s - 182, 4*s = -2*o + 354. List the prime factors of s.
2, 43
Let q = 12 - 27. Suppose 0 = i - b - 45, 3*i - 43 = 5*b + 88. Let l = i + q. List the prime factors of l.
2
Let v = 283 - 126. Suppose -2*b = -5*s - v, 0 = b + s - 2*s - 74. List the prime factors of b.
71
Let x = -68 - 8. Let b(h) = 15*h**3 - 2*h**2 + 2*h + 1. Let o be b(2). Let k = x + o. What are the prime factors of k?
41
Suppose 0 = -6*p + 3*p, -p + 2 = -u. Let r be (-1)/6*-4*6. What are the prime factors of r - ((-12)/3 + u)?
2, 5
Suppose 11*a - 7 = 26. Suppose a*b - 124 = -43. List the prime factors of b.
3
Let d = 26 + -21. Suppose -2*k + d*k + 5*x = 480, 4*k - 640 = x. What are the prime factors of k?
2, 5
Let k(l) = -3*l + 2*l - 3 + 2*l - 2*l. Let o be k(-6). Suppose -r = 4*v + 9, -o*r + 25 = -0*r - v. List the prime factors of r.
7
Let z(a) = -2*a**3 - 3*a**2 + 3*a + 6. Let r(c) = -c**2 - 11*c + 9. Let q be r(-12). List the prime factors of z(q).
2, 3
Suppose -3*y + 1 + 11 = 0. Suppose -2*f + 2*h - 5 = -15, 0 = -y*h. Let u(x) = x**3 - 3*x**2 - 2*x + 5. List the prime factors of u(f).
3, 5
List the prime factors of (-133 + 3)/((-32)/240).
3, 5, 13
Let l = 5 + -1. Suppose 2*a - 34 = -2*o, -o - 5*a = -l*o + 27. Let s = 20 - o. What are the prime factors of s?
2, 3
Let r(n) = 15*n**2 + 19*n + 26. List the prime factors of r(13).
2, 3, 13
Let a be -3 + (4 - -2 - 1). Let m(v) = -3*v - 4. Let f be m(-6). Let j = a + f. List the prime factors of j.
2
Let a = 350 + -242. What are the prime factors of a?
2, 3
Let a = -11 + 12. Suppose a = h, 3*h - 270 = -4*q + h. Suppose -5*i + 182 = q. What are the prime factors of i?
23
Let y = -3 + 1. What are the prime factors of (-2)/y + 2 + 4?
7
Suppose 0 = 35*o - 13*o - 93192. What are the prime factors of o?
2, 3, 353
Let w(m) = m**2 - 2*m - 10. Let f be w(-3). Suppose 0 = -t + 5*n + 71 + 65, -484 = -4*t + f*n. What are the prime factors of t?
2, 29
Suppose 8618 - 43814 = -7*z. List the prime factors of z.
2, 3, 419
Suppose 6 = f + 2*z, 4*f - z - 24 = -2*z. Let n(p) = 2*p**2 - 2*p - 5. Let t be n(f). Let o = -30 + t. List the prime factors of o.
5
Let c(r) be the third derivative of r**5/60 - 5*r**4/24 + 2*r**3/3 + 4*r**2. Let p be c(5). Suppose -24 + 120 = p*d. List the prime factors of d.
2, 3
Suppose 2*s + 4*f - 16 = 0, 0*s = -s + 4*f - 4. Suppose -3 = -s*b + 9. Suppose 0 = b*m - 5*k - 102, -2*k + 45 = 5*m - 4*m. What are the prime factors of m?
3, 13
Let y be ((-4)/3)/((-6)/(-9)). What are the prime factors of (-1)/y + (-250)/(-20)?
13
Let y(w) be the first derivative of 0*w**2 + 3 - 3*w + 2*w**3 + 1/4*w**4. List the prime factors of y(-4).
29
Let p = 225 + 440. What are the prime factors of p?
5, 7, 19
Let f = -17 - -21. What are the prime factors of (f + -4 + -38)*-2?
2, 19
Let r be (-11)/11*(-6)/(-1). Let k(g) = -14*g + 13. List the prime factors of k(r).
97
What are the prime factors of (1/(-5)*384)/((-15)/50)?
2
Let i(g) = -g**2 + 16*g + 21. Let q be i(17). Suppose -3*d + 3*t + 147 = 0, -q = t - 2*t. List the prime factors of d.
53
Let k(t) = 37*t - 82. List the prime factors of k(10).
2, 3
Suppose -7*h + 855 = 225. What are the prime factors of h?
2, 3, 5
Suppose -24*s + 37209 = -46143. What are the prime factors of s?
23, 151
Let a = 1647 - 748. What are the prime factors of a?
29, 31
Suppose 0 = 2*n - 5*x - 1937, 0*n - 2*n = x - 1919. Suppose 0 = 8*j - n - 1207. List the prime factors of j.
271
List the prime factors of (-2)/17 + 0 + 81828/204.
401
Let c(l) = 4 - l - 16 + 8 + 6. Let u(j) = j - 3. Let p be u(3). What are the prime factors of c(p)?
2
Suppose -r + 2*r = -13. Let j = 13 + r. Suppose j*o + 18 = o. List the prime factors of o.
2, 3
Let g(r) = r**3 - 2*r**2 + 2. Let t be g(0). Suppose 0 = -0*a - a + t, 4*q = -a + 402. List the prime factors of q.
2, 5
Suppose 457*w - 445*w = 16608. List the prime factors of w.
2, 173
Suppose 5*a - 11 = 79. Suppose a = 2*l - 0. Let c = 57 - l. List the prime factors of c.
2, 3
Let w(v) = -2*v**2 + 5*v + 6. Let l be w(7). List the prime factors of (l/6)/((-1)/4).
2, 19
Let v(m) = 3*m - 3. Let h = 27 + -11. Let j = h +